*u + 3*z, 2*u - 3*u - z = 17. Let i = k + u. Is i prime?
True
Let t(v) be the third derivative of v**6/120 - v**5/12 + 5*v**4/12 - 5*v**3/2 + 4*v**2. Is t(11) a prime number?
True
Let j(u) = 2*u**2 + 0*u - 2 + 7*u**2 + 4*u. Is j(-2) prime?
False
Suppose 0 = 4*g - g - 63. Suppose 4*k - 40 - 80 = 5*l, -2*k + 3*l + 62 = 0. Let x = k + g. Is x a composite number?
True
Let o be ((-2)/6)/((-5)/60). Let z(q) = -q**3 + 4*q**2 - q - 4. Let j be z(o). Is j/20 + 517/5 prime?
True
Suppose 7*m - 4 = 5*m. Suppose -39 + 3 = -m*x. Is 10/45 - (-1598)/x composite?
False
Suppose -3*r - 147 = 3*i - 2541, 4*i - r = 3207. Suppose -5*s = -0*t + 5*t - 800, 4*t - i = -5*s. Is s a prime number?
False
Suppose 2781 - 617 = j. Suppose -4*c + j = -2*c. Is c a composite number?
True
Suppose 682 + 1709 = 3*j. Is j a composite number?
False
Let i = 10 - 5. Let y(n) be the second derivative of 11*n**4/12 - 2*n**3/3 - 2*n**2 + 2*n. Is y(i) a prime number?
True
Let z(o) = 29*o**3 + 2*o + 4. Suppose -4*i = 0, 4*d + 5*i - 9 = d. Is z(d) a prime number?
False
Let m(w) = 3*w**3 + 29*w**2 + 16*w - 39. Let v(a) = 2*a**3 + 15*a**2 + 8*a - 19. Let p(o) = 3*m(o) - 5*v(o). Is p(9) prime?
True
Let m be (6/(-8))/((-21)/56). Suppose -m*z - 392 = -q - 5*z, q = 3*z + 416. Let f = -241 + q. Is f composite?
False
Let u(y) = 26*y**3 + 2*y**2 - 1. Let w be u(-1). Let z = -17 - w. Is (22/z)/(4/112) a prime number?
False
Let i = 11 + -8. Suppose m - 2*m - 4*l + 20 = 0, -2*l = -i*m + 4. Suppose 326 = 2*c + m. Is c composite?
True
Let h = -2 - -4. Let b = h - -3. Suppose w + 4*w + 2*v = 591, v - 593 = -b*w. Is w a prime number?
False
Suppose -4462 = -2*p + 3*x, -2*x + 5404 + 1289 = 3*p. Is p a composite number?
True
Let x = -12 + 10. Let z(s) = -408*s - 7. Is z(x) composite?
False
Suppose 6*r - 9*r = -46239. Is r a prime number?
True
Suppose -2*x = 3*l - 15, l + 2*l = -3*x + 18. Suppose 1115 = 4*p - l*p. Is p a composite number?
True
Let f(y) = 4 + 2*y**2 + 2*y**2 - 26*y**3 + 1 + 2*y. Is f(-3) a prime number?
False
Is -1 + (-65)/(-45) + (-990105)/(-27) a composite number?
False
Let u(g) = 3828*g - 77. Is u(13) a composite number?
True
Let j(l) = -8*l + 4511. Is j(0) a prime number?
False
Let d(a) = 5*a + 878. Is d(0) composite?
True
Let b(m) = 76*m**2 - 12*m - 24. Let j be b(-6). Suppose -7*v = -j - 3803. Is v a prime number?
True
Let f be 0 - -2*(3 - 2). Suppose -f*g + 9 - 5 = 0. Let u(a) = 84*a**2 - 4*a + 3. Is u(g) a composite number?
False
Suppose 0 = -j - 5*g + 28, -4*g + 35 = 3*j + 2*j. Suppose -4*n + 6 = -3*u + 2*u, 6 = 5*u - 2*n. Suppose -k + 0*k + 101 = u*z, 5*z - 308 = -j*k. Is k prime?
False
Suppose 13*f - 17152 - 16206 = 0. Is f a composite number?
True
Suppose -37078 = -1249*t + 1247*t. Is t a composite number?
False
Suppose 19*f - 337 = 12032. Let m = f + 1600. Is m composite?
False
Let c be 2*(10/4)/1. Is c - 4 - 1/((-3)/1656) prime?
False
Let q(b) = -3*b**2 - 5 + 8*b**3 + 3*b + 7*b - 6*b**2 + 0*b**3. Is q(8) a composite number?
True
Suppose -3*a + 17 = -7. Suppose 2051 = -j + a*j. Is j prime?
True
Let x = -15875 - -31712. Is x composite?
True
Let b(w) = -36*w - 3. Let n be b(-2). Let z be 6/2*(-175)/15. Let a = z + n. Is a a composite number?
True
Let d(m) = 2*m + 1. Let i(b) = 139*b + 36. Let u(g) = -4*d(g) - i(g). Is u(-9) prime?
True
Let i(z) = -4 + 0*z + 2*z - 5*z + 2*z. Let r be i(-8). Suppose r*b - 895 = -b. Is b composite?
False
Let r(u) = u**2 + 7*u + 4. Let v be r(-7). Suppose 8*n = v*n. Suppose m + 2*z - 10 = 3, n = -4*m + 5*z + 26. Is m prime?
False
Suppose 3*z + 110488 = 5*t, 3*t + t - 3*z - 88391 = 0. Is t a prime number?
False
Suppose 10*b = 7*b + 246. Let m = b - -61. Is m a composite number?
True
Let d(u) = 148*u + 259. Is d(18) a prime number?
False
Is 43729*(0 + -4*(-1)/4) a prime number?
False
Let y = 21 + -19. Suppose 218 = 2*p - p - m, -4*m = y*p - 418. Is p a composite number?
True
Suppose -m = 4*m - 3*t - 223, -3*t = 3*m - 129. Let y = m - -7. Let j = y + 256. Is j composite?
False
Let u = -176 + 336. Let l be ((-24)/(-20))/((-2)/(-355)). Let f = l + u. Is f a composite number?
False
Let l = 27 + -23. Let y be l/(16/(-12)) - -6. Is (2008/(-12))/((-2)/y) a composite number?
False
Let l = -2 + 3. Let n be 8/(-4 - (-104)/20)*-3. Is (5/n)/(l/(-844)) composite?
False
Let i = 14729 + -10507. Is i a composite number?
True
Let w(g) = -g**3 + 9*g**2 - 8*g + 2. Let h be w(8). Let j be (-12)/(-3) + -794 - h. Let u = j + 1345. Is u prime?
False
Let z = -1000 + 3321. Is z a composite number?
True
Suppose 4*q - 2*p - 1715 = -607, 4*q = -4*p + 1120. Let t = -75 + q. Is t composite?
True
Let x(f) = 122*f - 25. Let t(z) = 81*z - 17. Let k(d) = 8*t(d) - 5*x(d). Suppose 0 = -4*m - 5*i, -19 = -3*m + 4*i - 3*i. Is k(m) prime?
True
Let y = -232 - -2841. Is y composite?
False
Suppose 46 = -2*x + 32. Is -1 + x/(-6) - 3970/(-12) prime?
True
Let o = -68 + 114. Let k = o - 15. Is k composite?
False
Let z(v) = 4632*v + 55. Is z(7) a prime number?
True
Let i(v) = 2*v**2 - 45*v + 27. Let o be i(22). Suppose 3152 = o*m - 693. Is m prime?
True
Suppose 10*q = 7*q + 15. Suppose -20 = -q*m, 0*l = 4*l - 3*m - 1760. Is l composite?
False
Let q be ((-3)/(-6))/(2/8). Suppose q*d - 30 = 5*c, -31 = 2*d - 5*d + 4*c. Suppose -d*j + 240 = -205. Is j composite?
False
Let o(c) = 37*c. Let u(d) = 73*d. Let w(m) = -9*o(m) + 4*u(m). Let z be w(-1). Suppose -43 = -4*p + z. Is p a prime number?
False
Suppose 5*s = -4*o + 274, 4*s - 63 = -2*o + o. Suppose 4*w - 221 = -4*q + o, -5*q = -w - 383. Suppose -2*v = q - 242. Is v prime?
True
Suppose -a + 2*a - 117 = t, 0 = -t - 2. Is (-2429)/(-5) - 92/a a composite number?
True
Suppose f + 3485 = 5*z - 2934, -5*f + 5 = 0. Suppose 5*o - z = -o. Is o a composite number?
True
Let t(c) = 31*c**2 - 25*c - 7. Is t(9) prime?
False
Let q(u) = -308*u - 81. Is q(-4) a prime number?
True
Let o = 29 - 26. Suppose 4*t = -4*d + 152, 5*d + o = -2. Is t a prime number?
False
Suppose 10334 = 22*c - 21*c. Is c a prime number?
False
Let n(b) = 113*b + 20. Let t be n(3). Is t/((30/25)/6) a composite number?
True
Let n be (-4)/1 - (1 + -1570). Is (-14 - n)*((-2)/1 + 1) composite?
False
Let u(o) = -2*o**3 + 3*o - 1. Let w = -4 - -7. Let f be u(w). Let s = 123 + f. Is s a prime number?
False
Let o = 12 - 10. Let n(i) = i - 3. Let u be n(5). Suppose o*x - 292 = -u*r, -2*r = 2*x - 5*r - 287. Is x a prime number?
False
Let n = -16515 + 36328. Is n a prime number?
True
Suppose 0*d - d = 9*d. Let w(a) = -a**3 + a**2 + 3755. Is w(d) composite?
True
Let i be (9/4)/(-9 - (-375)/40). Suppose -5*z = 4*c - 40 + 9, 3*z + c = 13. Is ((-89)/(-2))/(z/i) composite?
False
Let p = 2100 - 151. Is p composite?
False
Let w be (4/10)/(3/15). Suppose 7*o + 2952 = -w*o. Let p = o - -471. Is p a prime number?
False
Let z(j) = -7*j**2 + 4*j + 6. Let r(b) = -1. Let k(q) = -4*r(q) - z(q). Suppose -76*t + 71*t + 30 = 0. Is k(t) composite?
True
Suppose -t - 2*t = -57. Suppose 5*f = -3*w, f - 7 + t = -3*w. Is f + (-192)/(-4) + 0 a composite number?
True
Let s(m) = -527*m**3 + m**2 + 4*m - 5. Let k be s(2). Let o = 7020 + k. Is o a prime number?
False
Suppose 72*r - 2296057 + 850513 = 0. Is r a prime number?
False
Let s(i) = -2*i + 2. Let h be s(2). Let p be (h/6)/((-3)/18). Suppose f + p*f = 9, 3*g - 2*f - 159 = 0. Is g a composite number?
True
Let u(k) = k**3 - 10*k**2 + 5*k + 27. Let d(v) = -v**3 + 19*v**2 + 44*v - 26. Let n be d(21). Is u(n) prime?
False
Suppose -4*b = 5*k - 20, -19 = -2*b + 4*k + 17. Let t(n) = 178*n + 13. Is t(b) a composite number?
True
Let y(d) = 73*d + 4. Let u be y(9). Suppose -3*x - u = -0*p - p, -x = 4*p - 2605. Let r = -383 + p. Is r composite?
False
Let h = 23 - 17. Let v be 27/h*8/6. Suppose v*j = 9*j - 2859. Is j a composite number?
False
Let c(g) = 5*g - 7. Let z be c(2). Suppose -z*h - 1952 = -4*n - 5*h, n = 2*h + 483. Is n a prime number?
True
Suppose 41*k + 231882 = 687105. Is k a prime number?
False
Suppose 5*m = 3*n + 111440, 3*m - 40*n + 44*n = 66893. Is m prime?
True
Let g(h) = 2*h**2 - 16*h + 6. Let b be g(8). Let s(z) = z**3 + 5*z**2 - 3*z - 7. Is s(b) prime?
False
Let f(r) = 5652*r**2 - 23*r - 41. Is f(-2) prime?
True
Let r(w) = 18 - 15*w + 6*w - 17*w. Is r(-4) prime?
False
Let c(v) = v**2 + 2*v - 4. Let f be c(-6). Suppose -7*b = -9*b + f. Let x(m) = 18*m + 11. Is x(b) composi